)
-4
What is the value of -4 - (-50 + 49) - -15?
12
What is the value of -26 - ((-10 + 11 - 13 - -9) + 5)?
-28
Evaluate -40 - ((13 + 2 - 40) + 10) - -14.
-11
-2 + (-4 - 0) + (-26 + 3 - -97) + 2
70
What is (15 + -53 - -1) + -42?
-79
-2 + (1 + -4 - -14) + 31 + -1 + -61
-22
-2 + 4 + 10 - (-137 - ((51 - 0) + -68))
132
Calculate (4 + -6 - -12) + (-5 - -27) + 3.
35
8 + -73 + -577 + 576
-66
What is the value of (42 + 0 - (-5 + -1 + -7)) + 9?
64
Evaluate 5440 - 5471 - (-2 + 0).
-29
(-2 - 50) + 1 + (-33 - -14) + 30
-40
What is -18 - (-49 + 66 - 33)?
-2
What is the value of (59 - 0) + 9 + 4 + 37 + -66?
43
Evaluate -37 + (99 - 168 - -13).
-93
(86 - 5) + (-15 - (9 - (4 - -8)))
69
What is (-1 + 0 - -5) + 2838 + -2765?
77
4 + -3 + -1 + (31 + -50 - -25) + -97
-91
What is -3 + 49 + -10 + -5 - (-4 - -19)?
16
What is the value of 1 - (-2 + -116) - (-311 + 307) - (-16 - -26)?
113
Evaluate (1154 - 1150) + (62 - 1).
65
Calculate (-16 - -17) + 42 - 40 - 17.
-14
12 - (-7 + (-25 - 8) - 34)
86
What is the value of -32 + 160 + 2 + -146?
-16
-8 + (20 - -1) - (58 + -13 + 19)
-51
What is 0 - -5 - (2 + (-22 - -1 - 22))?
46
98 + 13 + -15 + -46
50
What is the value of 4 + (-13 - -49) - 78?
-38
14 + (-14 - (-2 - (10 + 11))) + 6
29
-33 + (-47 - -42 - (-1 + -4 + -2))
-31
What is the value of 29 + (4 - 9) + (7 - -1 - (73 - 67))?
26
What is 1464 + -1476 + (-6 - -26) + -6?
2
What is 10 + -1 + 139 + -140 + (7 - (-5 - 1))?
21
Evaluate -4 - (-2 + 27 + -13 - 18 - 3) - 12.
-7
Calculate 30 + 56 + 25 + -90.
21
What is -5 - (30 + (-36 - 0)) - (3 - -23)?
-25
What is (-241 - -239) + -6 + (9 + -4 - -92)?
89
What is the value of -42 - -31 - 21 - (12 - 13)?
-31
What is -40 + -16 + 28 + 34?
6
(2 - (0 - 0)) + (16 - (-36 - -12 - 47))
89
What is the value of 35 + (-63 - -40) + -11?
1
40 + 12 + 32 + -32
52
What is the value of (140 - -12 - 13) + -34 - -10?
115
What is -146 - -158 - (0 - (1 + -1) - -12)?
0
Evaluate (1 - 2) + (4 - -13) - (-15 + 6).
25
Calculate -12 + 65 + (26 - 35).
44
Evaluate 37 - (-34 + 65) - (1 + -10) - 126.
-111
Calculate 9 + (-21 - -1 - (563 + -558)).
-16
Evaluate (22 - 2) + 4 - (-2348 + 2321).
51
Evaluate 1068 + -1068 - (18 - 1).
-17
Evaluate 16 - 113 - (115 - 233).
21
Evaluate 18 + -11 + -5 + 3 + 5.
10
Calculate (5 - 26) + (-17 - (-2 - 6) - -74).
44
11 + -19 + 1 - (-3 + (6 + -15 - -12))
-7
What is 83 + 126 + -74 + -42?
93
Evaluate 26 + 48 - 56 - 39.
-21
What is the value of -6 - -1 - -16 - (-36 + (24 - 2))?
25
What is the value of 13 + (-57 - -89) + -79?
-34
Calculate 8 + (29 + -1 - 12 - 4) + 26.
46
What is 1 - -36 - (-9 + 21 + -9 + -12)?
46
(-107 - -42) + 95 - 62
-32
What is the value of -73 + (-47 - -34 - -42)?
-44
Calculate -26 - -23 - (-32 - -30 - (4 + 0)).
3
Calculate -15 + 22 - 9 - 13 - -56.
41
What is -71 - -119 - 20 - (-61 + 2)?
87
What is (124 - 153) + 3 + 18?
-8
Calculate 52 - 1 - (-10 + (3 - (-16 - -13))).
55
What is the value of -64 - (-123 + -31 + 37)?
53
Evaluate (42 - -18) + -69 + -3 + 67.
55
(76 - 34) + (2 - 49)
-5
Calculate -12 + (5 - (-11 + 0)) + (-6 - (-29 - 8)).
35
Calculate (-3 + -8 + 15 + 2 - -52) + -15 - 13.
30
49 + -39 + -8 + -5 - -89 - (-10 + 4)
92
Evaluate -53 + (-10 + -10 - -58).
-15
What is the value of (-10 + 1 - -8) + -8 + (9 + -17 - -14)?
-3
-21 + -192 + 191 + 90 + -5
63
What is -43 - (-4 + 21 + (-15 - 12))?
-33
Calculate 88 + (-86 - -43) + 70 + -21.
94
78 - (-9 - 39 - -102)
24
Evaluate (73 - -2) + 43 + (-139 - -78).
57
(-20 - -15) + 23 + -19 + 2 + 17 + 1
19
What is the value of -5 + -9 + (-8 + 3 + -11 - 1)?
-31
Evaluate 1 - ((39 - 47) + -22).
31
Calculate -9463 + 9367 - (-56 - -1).
-41
Evaluate -203 - -108 - (-14 + -93).
12
Evaluate 2 + 1 + 2 + -4 - 30 - (375 + -375).
-29
Calculate 92 + (-194 - -112 - 13) + -1 + (136 - 1).
131
Calculate -6 + -2 + 5 - (-156 - -139) - 91.
-77
-17 + 14 + 12 + -7 - (2 - (-2 - 4))
-6
Calculate (29 - -9) + (-56 - -15) + 37.
34
What is 66 + 20 + 4 + -15 + -12?
63
What is the value of -16 - 4 - (-11 + -28)?
19
Calculate -68 + (-19 - ((2 - -10 - 1) + -12)).
-86
Calculate 627 - 626 - (50 + -4 - 1).
-44
Evaluate 52 + 8 + -5 - (0 - -9 - (-13 + 20)).
53
-1104 + 1055 - (-56 - -7)
0
What is 486 + -490 - (-3 + 6)?
-7
What is (8 - -6) + 0 - 11 - (0 - 69)?
72
Evaluate (-78 - -62) + -11 + (-10 - -8).
-29
(3 - (3 - (-9 - -6 - -9 - -4))) + 9
19
What is the value of 65 - (2 - (-26 + (24 - 7)))?
54
1 - 11 - ((-5 - -8) + 34)
-47
Evaluate 0 + -9 + 4 + (52 - (13 - 9)).
43
Evaluate 24 + (-54 - -88) + 7.
65
-284 + 326 - (1 + -14 + -2)
57
What is 22 + 22 + 8 + -70 + -27?
-45
59 - (18 - (-17 + -13 + 35) - -5)
41
What is the value of -17 - -45 - 12 - 8 - (-3 + (22 - 2))?
-9
Calculate 1591 - 1603 - ((3 - (-3 - -2)) + 126).
-142
What is (2560 - 2357) + (4 - 107)?
100
What is (-32 + 44 - 14) + 50?
48
What is -2 + 47 + -18 + 30 + -4 + 5 + 2?
60
Evaluate 0 + -6 + 2 + 0 - ((-12 - -4) + 10).
-6
What is -47 - ((16 + -37 - -6) + -30)?
-2
What is the value of (-30 - (18 - 20)) + -6 - 26?
-60
What is (705 - 681) + 23 + -3 + 39?
83
0 + (12 + (5 - 7) - 16) + 10
4
Calculate 27 + 2 + 42 + (96 - 63).
104
What is the value of 188 - (-18 + 110 + 15)?
81
Evaluate (11 - 34 - -19) + (126 - 9 - 2) + 9.
120
Calculate (3 - -2) + (32 - (120 + -58)) - 102.
-127
What is the value of 3 + 0 + (1 - -12 - 1 - 78)?
-63
(27 - 45 - -10) + 3 + 3 - 13
-15
What is (23 - (-4 + -5 + -3 + 23)) + (-80 - -2)?
-66
What is (174 - 167) + (-34 - (-2 - -2))?
-27
What is (27 - -11) + 4 + (-2 - (-11 - -13))?
38
3 - (-45 + (-12 + 5 + 12 - -6))
37
Calculate -7 - (62 + (-30 - -90)).
-129
Calculate -10 - (-2 - (3 + -2)) - (994 + -948).
-53
Calculate (13 - ((-32 - (-4 + 23)) + -20)) + 18.
102
What is 18 + (2 - (19 - (12 - (-9 - 68))))?
90
Evaluate (50 - -6) + -5 + (16 - 33) + (5 - -1).
40
What is the value of 32 - (1 - (-12 - (31 - 20)))?
8
What is the value of -13 - (50 - 25 - 36) - -27?
25
What is 9 + (7 - -101) + 5?
122
Evaluate -295 - -348 - (110 + -14).
-43
Calculate 18 + 2 - (8 - (19 + 21) - -32).
20
What is the value of 30 + (-15 - -21) - -17?
53
What is the value of 17 - (4 - -9) - (0 + -8 + 52)?
-40
What is 22 + -3 + (10 - -10 - 4)?
35
-28 + (-8 - (4 - 25))
-15
What is the value of (18 + -77 - -44) + 19?
4
What is the value of 24 - (-8 + 54 + -27 + 6)?
-1
-4 + 2 + -5 + 6 + 6 - (113 + -145)
37
What is 47 - (4 - (18 + (6 + -9 - 8) + 4))?
54
-71 + 54 - (6 + -4 - (13 + 0))
-6
What is the value of 7 - ((-4 - -5 - -5) + (23 - 7 - -9))?
-24
Evaluate -29 - (0 + 3) - (-19 - -27 - 38 - -38).
-40
What is 1 + -8 + (-446 - -440) - -53?
40
What is the value of (-10 - -53) + -37 + (-30 - -8 - -7)?
-9
43 - 23 - 47 - 36 - -21
-42
What is the value of 1 + -54 - (-22 - -5 - (6 + -13 + -1))?
-44
What is the value of -78 - 19 - (3 + -1 - -46)?
-145
What is -7 - ((38 - 15) + 3 - (-1 - 2 - -11))?
-25
Calculate -564 + 580 - (-10 - (-3 + 0 + 4)).
27
What is (47 - 47) + (-4 - -6 - (40 - 5))?
-33
What is -3 + -135 + (-2 + -6 + 14 - 5 - -4)?
-133
1166 + -1133 - (59 + 1)
-27
What is the value of 34 - ((11 - 2) + -755 + 754)?
26
29 - (15 - -3 - (-2 - (-4 - 1)))
14
Evaluate (-26 - 35 - -9) + 8.
-44
What is (115 - 95) + -3 + (-6 - 18)?
-7
Evaluate 31 + (-33 - 36) - (-2 + -6).
-30
Calculate 48 - (-95 + 102 + (3 - 1)) - (1 - 7).
45
What is the value of -20 + 13 + 61 + -28 + -81?
-55
Calculate (3 - 7) + 8 - (12 - (9 + (-33 - -5))).
-27
(-52 - -47) + (-1 + -37 + -1 - (-9 + 6))
-41
Evaluate 5 + 0 + -2 + -50 + 34 + -31.
-44
Calculate 8 - (-3 + -3 - (-24 + 4 + (2 - 11))).
-15
Evaluate 8 - (6 - -13 - 11) - 8 - -38.
30
What is (8 - (-12 + 32) - 6) + 0 + 1?
-17
What is -71 - (104 - 178 - 8)?
11
-40 + (-14 - (-42 - 31))
19
What is the value of -2 - 0 - ((-11 - (0 - 28)) + -27)?
8
What is -20 + 34 + -55 + 4?
-37
Calculate 38 + 4 - ((172 - 175) + 1 + 6).
38
21 - ((171 + -186 - (-14 + 0)) + 8)
14
Calculate 5 - (-58 - -50 - (-12 - 18)).
-17
Evaluate 11 - (14 + -12) - 1 - (0 - 16) - 8.
16
What is (33 - 67) + 66 + 90?
122
What is 155 + -35 + -143 + -19 + 1?
-41
What is -2 + 16 + (66 - 93) + 0 - -9?
-4
-1 + 6 + (-1 - -5) + 1 + (-12 - 4)
-6
Evaluate 113 - (-4 - (-173 - -41)).
-15
What is the value of ((21 - 13) + -14 - -21) + -44?
-29
-176 + 29 + 80 - -147
80
Evaluate (720 - 593) + 2 + -62.
67
What is the value of -28 - (41 - (4 - -50))?
-15
What is the value of 24 - ((-16 - -10) + -19 + 55)?
-6
25 - (-161 + 166 + (8 - -1))
11
Eva